{"id":8220,"date":"2021-06-02T23:48:30","date_gmt":"2021-06-02T21:48:30","guid":{"rendered":"https:\/\/animap-benelux.com\/?page_id=8220"},"modified":"2024-01-29T13:06:38","modified_gmt":"2024-01-29T12:06:38","slug":"liens","status":"publish","type":"page","link":"https:\/\/animap-benelux.com\/fr\/liens\/","title":{"rendered":"Liens"},"content":{"rendered":"<p>Vous trouverez sur cette page quelques liens qui nous semblent int\u00e9ressants \u00e0 partager.<\/p>\n<p>&nbsp;<\/p>\n<p>&nbsp;<\/p>\n<table style=\"table-layout: fixed; height: 268px; width: 694px;\">\n<tbody>\n<tr>\n<td><a href=\"https:\/\/www.actionfeuvert.be\" target=\"_blank\" rel=\"noopener\"><img loading=\"lazy\" decoding=\"async\" class=\"alignnone wp-image-8214\" src=\"https:\/\/animap-benelux.com\/wp-content\/uploads\/2021\/06\/1622100467.png\" alt=\"\" width=\"683\" height=\"163\" srcset=\"https:\/\/animap-benelux.com\/wp-content\/uploads\/2021\/06\/1622100467.png 1048w, https:\/\/animap-benelux.com\/wp-content\/uploads\/2021\/06\/1622100467-300x72.png 300w, https:\/\/animap-benelux.com\/wp-content\/uploads\/2021\/06\/1622100467-1024x244.png 1024w, https:\/\/animap-benelux.com\/wp-content\/uploads\/2021\/06\/1622100467-768x183.png 768w\" sizes=\"auto, (max-width: 683px) 100vw, 683px\" \/><\/a><\/td>\n<\/tr>\n<tr>\n<td><strong>L&rsquo;ACTION FEU VERT, POURQUOI?<\/strong><br \/>\nCette action citoyenne est n\u00e9e d\u2019une constatation que la population est divis\u00e9e.Les mesures sanitaires enferment chacun de nous dans une bulle et engendrent une PEUR de l\u2019autre. Nous ne voulons pas de ce monde triste fait d&rsquo;humains d\u00e9shumanis\u00e9s, de discrimination, d\u2019in\u00e9galit\u00e9s (et d\u2019ill\u00e9galit\u00e9s?) pour notre vie de demain<\/td>\n<\/tr>\n<tr>\n<td style=\"width: 528px;\"><a href=\"https:\/\/www.actionfeuvert.be\" target=\"_blank\" rel=\"noopener\">https:\/\/www.actionfeuvert.be<\/a><\/td>\n<\/tr>\n<\/tbody>\n<\/table>\n","protected":false},"excerpt":{"rendered":"<p>Vous trouverez sur cette page quelques liens qui nous semblent int\u00e9ressants \u00e0 partager. &nbsp; &nbsp; L&rsquo;ACTION FEU VERT, POURQUOI? Cette action citoyenne est n\u00e9e d\u2019une constatation que la population est divis\u00e9e.Les mesures sanitaires enferment chacun de nous dans une bulle et engendrent une PEUR de l\u2019autre. Nous ne voulons pas de ce monde triste fait &#8230; <a href=\"https:\/\/animap-benelux.com\/fr\/liens\/\" class=\"more-link\">Continue Reading &#187; <span class=\"screen-reader-text\"> about  Liens<\/span><\/a><\/p>\n","protected":false},"author":2,"featured_media":0,"parent":0,"menu_order":0,"comment_status":"closed","ping_status":"closed","template":"","meta":{"_genesis_hide_title":false,"_genesis_hide_breadcrumbs":false,"_genesis_hide_singular_image":false,"_genesis_hide_footer_widgets":false,"_genesis_custom_body_class":"","_genesis_custom_post_class":"","_genesis_layout":"","footnotes":""},"class_list":{"0":"post-8220","1":"page","2":"type-page","3":"status-publish","5":"entry"},"_links":{"self":[{"href":"https:\/\/animap-benelux.com\/fr\/wp-json\/wp\/v2\/pages\/8220","targetHints":{"allow":["GET"]}}],"collection":[{"href":"https:\/\/animap-benelux.com\/fr\/wp-json\/wp\/v2\/pages"}],"about":[{"href":"https:\/\/animap-benelux.com\/fr\/wp-json\/wp\/v2\/types\/page"}],"author":[{"embeddable":true,"href":"https:\/\/animap-benelux.com\/fr\/wp-json\/wp\/v2\/users\/2"}],"replies":[{"embeddable":true,"href":"https:\/\/animap-benelux.com\/fr\/wp-json\/wp\/v2\/comments?post=8220"}],"version-history":[{"count":14,"href":"https:\/\/animap-benelux.com\/fr\/wp-json\/wp\/v2\/pages\/8220\/revisions"}],"predecessor-version":[{"id":8235,"href":"https:\/\/animap-benelux.com\/fr\/wp-json\/wp\/v2\/pages\/8220\/revisions\/8235"}],"wp:attachment":[{"href":"https:\/\/animap-benelux.com\/fr\/wp-json\/wp\/v2\/media?parent=8220"}],"curies":[{"name":"wp","href":"https:\/\/api.w.org\/{rel}","templated":true}]}}

<p>Vous trouverez sur cette page quelques liens qui nous semblent intéressants à partager.</p>
<p>&nbsp;</p>
<p>&nbsp;</p>
<table style="table-layout: fixed; height: 268px; width: 694px;">
<tbody>
<tr>
<td><a href="https://www.actionfeuvert.be" target="_blank" rel="noopener"><img loading="lazy" decoding="async" class="alignnone wp-image-8214" src="https://animap-benelux.com/wp-content/uploads/2021/06/1622100467.png" alt="" width="683" height="163" srcset="https://animap-benelux.com/wp-content/uploads/2021/06/1622100467.png 1048w, https://animap-benelux.com/wp-content/uploads/2021/06/1622100467-300x72.png 300w, https://animap-benelux.com/wp-content/uploads/2021/06/1622100467-1024x244.png 1024w, https://animap-benelux.com/wp-content/uploads/2021/06/1622100467-768x183.png 768w" sizes="auto, (max-width: 683px) 100vw, 683px" /></a></td>
</tr>
<tr>
<td><strong>L&rsquo;ACTION FEU VERT, POURQUOI?</strong><br />
Cette action citoyenne est née d’une constatation que la population est divisée.Les mesures sanitaires enferment chacun de nous dans une bulle et engendrent une PEUR de l’autre. Nous ne voulons pas de ce monde triste fait d&rsquo;humains déshumanisés, de discrimination, d’inégalités (et d’illégalités?) pour notre vie de demain</td>
</tr>
<tr>
<td style="width: 528px;"><a href="https://www.actionfeuvert.be" target="_blank" rel="noopener">https://www.actionfeuvert.be</a></td>
</tr>
</tbody>
</table>

<p>Vous trouverez sur cette page quelques liens qui nous semblent intéressants à partager. &nbsp; &nbsp; L&rsquo;ACTION FEU VERT, POURQUOI? Cette action citoyenne est née d’une constatation que la population est divisée.Les mesures sanitaires enferment chacun de nous dans une bulle et engendrent une PEUR de l’autre. Nous ne voulons pas de ce monde triste fait &#8230; <a href="https://animap-benelux.com/fr/liens/" class="more-link">Continue Reading &#187; <span class="screen-reader-text"> about  Liens</span></a></p>
